 + 1. Give i(q).
11
Suppose -8 = 29*j - 30*j. Let q be (-3*4/j)/((-9)/30). Let m(i) = -i**3 + 7*i**2 - 5*i - 2. Give m(q).
23
Suppose -23*r + 152 = 37. Let u(g) = 33*g + 0*g**2 + 0*g**2 + g**3 - 3 - r*g**2 - 30*g. Suppose 3*s + 15 = 6*s. Calculate u(s).
12
Let q(w) be the second derivative of w**4/12 - 7*w**3/6 - 3*w**2 + w - 18. Suppose 0 = -j + 12*x - 17*x - 13, 2*j - 30 = 4*x. What is q(j)?
-6
Suppose 0 = -5*j + 6*j - 2. Let h(g) be the first derivative of g - g + 21 - 37 - 4*g**j. Calculate h(1).
-8
Let z = -149 - -155. Let u(a) = 14*a - 13*a - z + 1. Suppose -4*x = -2*r - 20, -5*r - 4*x + 0*x - 8 = 0. Give u(r).
-9
Let h(b) = -b**2 - 9*b - 7. Suppose 0 = 3*i + 2*c + 2*c - 58, 3*i - 68 = -2*c. Suppose -6 = 4*s - i. Suppose 8 = -s*u - 27. Determine h(u).
7
Let f = 26160 + -26159. Let v(u) be the first derivative of -14/3*u**3 - 4 + 0*u**2 - u. What is v(f)?
-15
Let j be (-28)/(-42) + (-22)/(-3). Let i(x) be the first derivative of x**2/2 - 3*x + 8. Give i(j).
5
Let u(n) = 0*n + 7 + n + 0*n - 14. Let w = -22 + 22. Suppose -10*l - 9 + 49 = w. Calculate u(l).
-3
Let a(i) = -2*i**2 + 4*i + 5. Let z(q) = -1. Let g(r) = -r + 1. Let m(o) = g(o) + 2*z(o). Let u(w) = a(w) + 6*m(w). What is u(-3)?
-13
Let g = 5843 - 5841. Let c(b) = 41*b - 4. Determine c(g).
78
Let w(u) = 10*u**2 - 111*u + 14. Let n be (-160)/(-14) + (-297)/693. Calculate w(n).
3
Let z(g) = -g**2 - 8*g + 3. Suppose -2*i - 5*p = -88, 5*p + 1 = 11. Suppose -x + 5*x = -2*u - 20, u = 5*x + 32. Let o be (i/x - -3)/(3/6). What is z(o)?
10
Suppose 1112 = -96*u - 1288. Let l(o) = -o**2 - 34*o - 224. Determine l(u).
1
Let b(r) = -14*r - 59. Let s be -4*(-3)/108 - (-2254)/(-441). What is b(s)?
11
Let x(n) be the third derivative of n**5/60 - 13*n**4/12 + 143*n**3/6 - 2*n**2 - 137. Calculate x(17).
-10
Suppose 12*p = 6*p + 144. Let v(k) = -5*k + 21 - 67 - 2*k - p. Let y be v(-11). Let q(u) = u**3 - 8*u**2 + 8*u - 8. Determine q(y).
-1
Let v(u) = -7*u**2 + 27*u - 8. Let o be v(4). Let k(g) = -2*g**3 - 23*g**2 + 14*g + 29. Calculate k(o).
5
Let a(q) be the second derivative of -14*q + 2*q**2 - 5 + 1/6*q**3. Let p(w) = w**2 - 4*w - 1. Let k be p(5). What is a(k)?
8
Let a(y) be the first derivative of 3*y**2 + 59*y - 4257. Determine a(-5).
29
Let m(u) = u**2 - 11*u + 20. Suppose -22*c = -199 + 83 - 60. What is m(c)?
-4
Let r(l) = -l - 21. Let o(h) = 9*h + 116. Let j(q) = -o(q) - 6*r(q). What is j(-4)?
22
Let q(b) = -5*b**3 - 5*b**2 + 45*b - 19. Let s(t) = t**3 + 2*t**2 - 11*t + 5. Let g be 410/(-45) - (-2)/18. Let z(v) = g*s(v) - 2*q(v). Determine z(7).
7
Let r(n) = -477 - 3*n**2 - 479 + 2*n + 1432 + 2*n**2 - 479. Determine r(2).
-3
Let j = -2165 + 3757. Let b(v) = -v**2 - j + 1592. Let n = -37 - -36. Calculate b(n).
-1
Suppose -g - 16 = -2*g. Let c(a) = a**3 - 11*a**2 + 20*a - 18. Let x be c(9). Suppose x = -t + 11 - g. Let m(y) = -2*y + 2. Give m(t).
12
Let s(t) = -2*t**2 + 10*t + 55. Let x = 5219 - 5211. Determine s(x).
7
Let a(p) = -131*p + 79. Let s(n) = 29*n - 20. Let i(c) = -2*a(c) - 9*s(c). Give i(-22).
0
Let j = 425 + -422. Let n(y) = -3*y - 6 + 3 + 94*y**3 + 91*y**3 - 5*y**2 - 186*y**j. Determine n(-4).
-7
Let h(s) = 6*s**2 + 93*s + 59. Let i(w) = 7*w**2 + 106*w + 58. Let t(n) = -6*h(n) + 5*i(n). Calculate t(-25).
11
Let w(o) = 38*o**3 - 4*o**2 + 7*o - 3. Let j be w(1). Let k(f) = -f**3 + 39*f**2 - 35*f - 116. Determine k(j).
-2
Let k(m) be the third derivative of m**4/12 + m**3/3 - 1394*m**2. Let s(o) = -o + 8. Let v be s(5). Calculate k(v).
8
Let a be (-2 + ((-4)/8 - -2))*-4. Suppose 4 + 11 = 5*f + 5*y, 5*y = -a*f + 18. Let r(d) = -12*d. What is r(f)?
12
Let i = -213 - -238. Let p be (-24)/(-15)*i/(-10). Let d(g) = -g**2 - 5*g - 2. Determine d(p).
2
Let k(o) be the second derivative of o**7/1260 + 19*o**6/720 + 2*o**5/15 + 69*o**4/4 + 23*o. Let x(j) be the third derivative of k(j). Give x(-9).
7
Let y be 1265/(-85) + ((-2684)/3740 - 6/(-10)). Let g(p) = p + 21. Give g(y).
6
Let r(o) = 5*o**3 - o - 1. Let c(b) = -4*b**3 + b**2. Let k be 4/(-4) + 2/(-1). Let s(x) = k*c(x) - 2*r(x). Suppose -6*m - 1 = -13. What is s(m)?
10
Let i(s) = -s**2 + 110*s - 2293. Let a be i(28). Let h(n) = -3*n - 2*n**2 + 5*n + n**2. Give h(a).
-3
Let n(p) = -2*p**3 - 5*p**2 - 4*p - 2. Let x be n(-2). Let c(u) = -37*u**3 - 17*u**x - 4 + 12*u**2 + 38*u**3. Let a = 15 + -10. Calculate c(a).
-4
Let m = 4838 - 4865. Let j(p) = 3*p + 84. Determine j(m).
3
Let n(t) = 51*t**2 - 10*t + 79. Let a be n(5). Let f(x) = -2*x + 13*x + a - 1303. Calculate f(-2).
-21
Suppose 8*d = -12*d - 6*d - 52. Let a(z) = -14*z**3 - 2*z**2 - 2*z + 2. What is a(d)?
110
Let f(k) = 3*k**3 - 35*k**2 + 21*k + 14. Let z = 2377 + -2366. Determine f(z).
3
Let g = 96 - 87. Suppose -g*w = -7*w - 12. Let x(l) = -l**2 + 7*l + 7. Calculate x(w).
13
Let j(o) = -o + 34. Suppose -4*i + 5*g + 74 = 0, -i + 11*g - 16*g = -31. Determine j(i).
13
Suppose v + 29 = 5*t, 4*t - 4*v - 12 - 24 = 0. Let k(i) be the first derivative of -i**3/3 + 7*i**2/2 - 7*i - 10722. Give k(t).
3
Let c = -239 - -382. Suppose 0 = 4*u - c + 135. Let t(a) = -113*a + 2*a**2 - 3*a**u + 105*a - 9. Calculate t(-7).
-2
Let y(i) be the second derivative of -3*i**2 - 4/3*i**3 - 1/12*i**4 + 56*i + 0. Give y(-8).
-6
Suppose 104*t = 100*t - 3*z - 59, 70 = -5*t - 3*z. Let y(i) = -i**3 - 11*i**2 + 4*i - 9. Give y(t).
-53
Let o(r) = -23*r - 5. Let p(v) = 80*v + 17. Let c(j) = 7*o(j) + 2*p(j). Let u = 6 - 4. Determine c(u).
-3
Let i(r) be the second derivative of r**5/12 - r**4/12 - 7*r**3 + 3*r + 4. Let d(h) be the second derivative of i(h). Calculate d(2).
18
Let s(m) = 3*m**3 + 2*m**2 - 2*m + 1. Let f(j) = -28*j**3 - 4*j**2 + 3*j + 1. Let y(c) = f(c) + s(c). Calculate y(1).
-24
Let l(t) = -3*t + 43. Let o be 16 + -1 + (0 + 2)*200/(-80). Calculate l(o).
13
Let q(h) = h**2 - 2. Let g be (-2 + 14)*16/3. Suppose 30*c = 26*c + g. Let v be 8*(52/c + -3). Determine q(v).
2
Let n(x) = 4*x + 16. Let q = 49 - 55. Let a be n(q). Let t be (30/(-40))/(3/a) + -7. Let i(v) = 3*v - 6. What is i(t)?
-21
Let i = 175 + -168. Let o(p) = 11*p**3 - 19*p**2 + 19*p + 6. Let t(c) = -8*c**3 + 13*c**2 - 13*c - 4. Let m(w) = i*t(w) + 5*o(w). What is m(-4)?
-14
Let x(u) = 2*u**3 - 15*u**2 + 25*u - 8. Suppose -4*n + 245*q = 242*q - 8, -20 = -5*q. Calculate x(n).
-8
Let i(u) = u**3 + 7*u**2 + 11*u + 4. Let m be (19 - 16)/((-6)/8). Give i(m).
8
Let r(k) = k**3 - 6*k**2 + 2. Let q be r(6). Suppose -q*l = -0*l + 16. Let u(v) = -963*v + 31162 - 31161 + 964*v. Give u(l).
-7
Let z(a) = 7*a**2 + 220*a + 54. Let l(g) = 12*g**2 + 372*g + 109. Let v(i) = 4*l(i) - 7*z(i). Determine v(-53).
5
Let i(g) = -g - 221. Let p(h) = h + 162. Let t(a) = 3*i(a) + 4*p(a). Let q be -2 + 1 + 2/2. Calculate t(q).
-15
Let t(v) be the third derivative of v**4/12 + v**3 - 6*v**2 - 147*v. Let g be (-21)/3*-1 - 1. Calculate t(g).
18
Let g(y) = -2*y - 14. Suppose 637*o - 607*o + 6 = -54. Give g(o).
-10
Let b be (-1 - 0)*11 + 0. Let t(a) = -17 - 73*a + 26*a + 46*a. What is t(b)?
-6
Suppose -302 = -21*m + 34. Suppose 3*r + 4 = 3*v - 5, -5*r = -4*v + m. Let z(d) = -d + 1. Calculate z(v).
2
Let f be 9 - (-5)/(-10)*0. Let c(o) = 101*o**3 + f - 9 + o - 106*o**3 - o**2. Determine c(1).
-5
Let g(z) = -3*z - 17. Suppose -26*i + 90 = -8*i. Let d(v) = 4*v + 21. Let c(b) = i*g(b) + 4*d(b). Calculate c(4).
3
Suppose 3*t + 15 = 3. Let x(a) be the first derivative of -a**4/4 - a**3/3 + 2*a**2 - a + 1354. Calculate x(t).
31
Let m(u) = 2*u**3 - u**2 + 8. Let n be m(0). Let p(c) be the third derivative of -c**2 + 0 - 1/24*c**4 + 0*c + c**3. Calculate p(n).
-2
Let l(f) = 502*f**2 - 10*f - 86. Let n(z) = -52*z**2 + z + 9. Let h(u) = 3*l(u) + 29*n(u). Let v be (-20)/8 - 1/2. What is h(v)?
-12
Suppose 10 = -2*t + 7*t. Let x be -6 + 2 + 1 + -1 - -7. Let h(d) = x*d + 124 - d**2 - 125 - 6*d**2. Determine h(t).
-23
Let r(q) = -q**3 - 8*q**2 - 8*q - 15. Suppose 18*t - 5*b = 16*t - 38, -4*b = -24. Give r(t).
-47
Let i(y) = -4*y + 0*y**3 + 3*y**2 + 4 + y**3 + 0*y. Let g(b) = 5*b**3 + 98*b**2 - 42*b - 44. Let n be g(-20). Give i(n).
4
Let v(z) = z**2 + 15*z + 11. Suppose -25*k = -k + 336. What is v(k)?
-3
Let v(u) = -31 - 3*u**2 + 10 + 13 - 7*u + 5. Let i(c) be the first derivative of 5*c**3/3 + 7*c**2 + 6*c - 3. Let s(g) = 4*i(g) + 7*v(g). Determine s(8).
-5
Let v(w) be the second deri